032507 a multiple of 78?
False
Is 471350 a multiple of 50?
True
Is 1201296 a multiple of 174?
True
Is 49 a factor of 112417?
False
Does 12 divide 238165?
False
Does 190 divide 248520?
True
Is 43392 a multiple of 16?
True
Is 207 a factor of 216454?
False
Is 45082 a multiple of 18?
False
Is 11 a factor of 5625?
False
Is 6926174 a multiple of 179?
False
Is 30 a factor of 2123370?
True
Is 82 a factor of 2216296?
True
Is 103520 a multiple of 32?
True
Does 12 divide 3571860?
True
Does 178 divide 434486?
False
Does 42 divide 12243420?
True
Is 30 a factor of 12270?
True
Is 13 a factor of 347373?
True
Does 16 divide 10720?
True
Does 11 divide 3706054?
True
Is 686923 a multiple of 216?
False
Is 53578 a multiple of 86?
True
Does 31 divide 420286?
False
Is 435245 a multiple of 109?
False
Does 6 divide 52636?
False
Is 373142 a multiple of 77?
True
Does 25 divide 10225?
True
Is 1364231 a multiple of 5?
False
Is 1098012 a multiple of 111?
True
Is 10460 a multiple of 36?
False
Is 10 a factor of 994590?
True
Does 36 divide 8504?
False
Does 60 divide 278100?
True
Is 952 a factor of 708288?
True
Is 13 a factor of 1305434?
True
Is 8 a factor of 74759?
False
Is 95 a factor of 311410?
True
Is 23 a factor of 21344?
True
Does 29 divide 17519?
False
Is 202 a factor of 2709971?
False
Does 4 divide 359193?
False
Is 195503 a multiple of 24?
False
Is 78 a factor of 2803554?
True
Is 1050126 a multiple of 14?
True
Does 76 divide 6497226?
False
Does 33 divide 410797?
False
Is 190 a factor of 93997?
False
Is 414810 a multiple of 22?
True
Is 33 a factor of 5761038?
False
Does 23 divide 1138546?
True
Does 14 divide 662228?
True
Does 9 divide 258615?
True
Does 24 divide 13748?
False
Does 598 divide 2264626?
True
Is 2552348 a multiple of 29?
True
Does 248 divide 162628?
False
Does 37 divide 1736089?
False
Is 190463 a multiple of 38?
False
Is 15 a factor of 10695102?
False
Is 131 a factor of 211162?
False
Is 3306988 a multiple of 24?
False
Is 22 a factor of 5501672?
True
Is 11 a factor of 1437415?
False
Is 11 a factor of 2960639?
True
Is 3178656 a multiple of 15?
False
Is 92 a factor of 725604?
True
Is 75538 a multiple of 32?
False
Does 16 divide 7502917?
False
Does 99 divide 63188?
False
Is 158 a factor of 180594?
True
Does 8 divide 87816?
True
Is 1568043 a multiple of 36?
False
Does 17 divide 218640?
False
Is 112941 a multiple of 215?
False
Does 7 divide 290409?
True
Is 41 a factor of 13653?
True
Does 22 divide 24222?
True
Does 77 divide 78892?
False
Is 143256 a multiple of 94?
True
Does 19 divide 78185?
True
Does 233 divide 118256?
False
Does 121 divide 296208?
True
Is 9 a factor of 247095?
True
Does 286 divide 108212?
False
Does 26 divide 182948?
False
Does 13 divide 1155453?
True
Does 40 divide 71516?
False
Is 411 a factor of 467718?
True
Is 25 a factor of 129465?
False
Does 56 divide 4122828?
False
Is 265 a factor of 586798?
False
Does 256 divide 9605120?
True
Does 4 divide 5544?
True
Is 1022112 a multiple of 6?
True
Is 18 a factor of 3342011?
False
Is 32 a factor of 397765?
False
Is 336 a factor of 4905188?
False
Is 2482632 a multiple of 123?
True
Is 9 a factor of 12342?
False
Is 960 a multiple of 16?
True
Is 7707396 a multiple of 12?
True
Is 314761 a multiple of 50?
False
Is 171 a factor of 655614?
True
Is 265440 a multiple of 160?
True
Does 59 divide 2990238?
True
Is 22869 a multiple of 7?
True
Is 3433650 a multiple of 11?
True
Is 441 a factor of 7153902?
True
Is 4098178 a multiple of 25?
False
Is 49503 a multiple of 4?
False
Is 20 a factor of 3545920?
True
Is 315316 a multiple of 187?
False
Does 12 divide 246261?
False
Is 119102 a multiple of 527?
True
Does 149 divide 28117?
False
Is 57120 a multiple of 30?
True
Is 611 a factor of 4793440?
False
Is 182 a factor of 1966141?
False
Does 122 divide 24971?
False
Is 17 a factor of 388004?
False
Is 155896 a multiple of 52?
True
Does 200 divide 9400?
True
Is 3701248 a multiple of 1358?
False
Is 72 a factor of 4787870?
False
Is 11777651 a multiple of 11?
False
Is 869 a factor of 879428?
True
Is 2201354 a multiple of 1086?
False
Does 21 divide 103362?
True
Is 3539701 a multiple of 59?
False
Does 15 divide 241091?
False
Is 522 a factor of 312678?
True
Is 52 a factor of 181292?
False
Does 92 divide 279496?
True
Is 41 a factor of 4470517?
True
Is 69 a factor of 4327046?
False
Does 126 divide 111176?
False
Is 172 a factor of 488987?
False
Is 62 a factor of 4666018?
False
Does 21 divide 32067?
True
Does 5 divide 13765?
True
Does 58 divide 44586?
False
Is 21 a factor of 198471?
True
Is 46 a factor of 3608516?
True
Is 864 a factor of 889056?
True
Is 139 a factor of 2561909?
True
Does 12 divide 5827968?
True
Is 372766 a multiple of 58?
True
Does 695 divide 259930?
True
Is 434826 a multiple of 45?
False
Is 3438502 a multiple of 6?
False
Does 22 divide 563968?
False
Is 78 a factor of 175747?
False
Is 118382 a multiple of 22?
True
Does 146 divide 1762074?
True
Does 154 divide 387772?
True
Is 275 a factor of 514525?
True
Does 6 divide 226313?
False
Is 6 a factor of 56489?
False
Is 8057824 a multiple of 551?
True
Does 545 divide 109000?
True
Is 57 a factor of 173223?
True
Is 307 a factor of 155212?
False
Is 1951290 a multiple of 90?
True
Does 569 divide 165579?
True
Does 611 divide 597685?
False
Is 548739 a multiple of 171?
True
Is 5996276 a multiple of 52?
True
Is 698 a factor of 2584694?
True
Is 10065 a multiple of 58?
False
Is 24582 a multiple of 34?
True
Is 22047955 a multiple of 962?
False
Is 7723515 a multiple of 305?
True
Is 419 a factor of 880738?
True
Is 22 a factor of 18991?
False
Is 539542 a multiple of 101?
True
Is 14 a factor of 19918030?
False
Is 1382772 a multiple of 586?
False
Is 12493561 a multiple of 8?
False
Does 460 divide 170552?
False
Does 3 divide 1767171?
True
Is 31093 a multiple of 31?
True
Is 6466387 a multiple of 445?
False
Is 588581 a multiple of 255?
False
Is 396117 a multiple of 18?
False
Is 3654236 a multiple of 46?
False
Is 4718 a multiple of 4?
False
Is 109688 a multiple of 11?
False
Does 85 divide 12057718?
False
Is 12849438 a multiple of 10?
False
Is 1498464 a multiple of 172?
True
Does 1114 divide 4488880?
False
Does 51 divide 1096684?
False
Is 1613550 a multiple of 30?
True
Is 9 a factor of 24410?
False
Is 189614 a multiple of 820?
False
Is 397 a factor of 3239520?
True
Is 407 a factor of 1983907?
False
Is 70257 a multiple of 33?
True
Is 15 a factor of 9673399?
False
Does 27 divide 598768?
False
Is 16 a factor of 714434?
False
Is 7 a factor of 46662?
True
Is 22340839 a multiple of 2589?
False
Is 1105 a factor of 1969670?
False
Is 40321 a multiple of 69?
False
Is 28194 a multiple of 79?
False
Does 15 divide 998475?
True
Is 278130 a multiple of 127?
True
Is 134 a factor of 2785994?
True
Does 123 divide 3866354?
False
Is 236475 a multiple of 27?
False
Is 4 a factor of 234004?
True
Does 366 divide 1297836?
True
Is 219 a factor of 2405715?
True
Is 447168 a multiple of 64?
True
Is 29770 a multiple of 5?
True
Is 91 a factor of 398944?
True
Is 248872 a multiple of 52?
True
Does 33 divide 881661?
True
Is 45220 a multiple of 85?
True
Does 503 divide 829447?
True
Is 27432 a multiple of 3?
True
Is 19 a factor of 13930136?
False
Does 7 divide 60824?
False
Does 5 divide 588281?
False
Is 332496 even?
True
Is 4 a factor of 11113?
False
Does 11 divide 832161?
True
Does 60 divide 7629787?
False
Does 1103 divide 6061242?
False
Is 144733 a multiple of 221?
False
Does 17 divide 1134410?
True
Is 401 a factor of 7158251?
True
Is 91212 a multiple of 22?
True
Is 1380893 a multiple of 22?
False
Does 645 divide 2075775?
False
Does 48 divide 757755?
False
Is 5 a factor of 77384?
False
Does 155 divide 457870?
True
Is 15726 even?
True
Is 24457 a multiple of 3?
False
Is 428996 a multiple of 5?
False
Is 44 a factor of 44091?
False
Is 5 a factor of 21007?
False
Is 51 a factor of 4770081?
True
Is 31021 a multiple of 12?
False
Does 186 divide 2624841?
False
Does 115 divide 2423828?
False
Does 476 divide 1200861?
False
Is 1755930 a multiple of 170?
True
Is 518 a factor of 126392?
True
Does 18 divide 462744?
True
Is 64 a factor of 92288?
True
Does 38 divide 190419?
False
Is 122 a factor of 123903?
False
Does 161 divide 6316488?
False
Is 727220 a multiple of 13?
True
Does 24 divide 1631040?
True
Does 60 divide 2602394?
False
Is 99393 a mul